 Calculate the greatest common divisor of 9 and t.
9
Let q = -54 - -60. What is the highest common divisor of 3 and q?
3
Suppose -24 = b - 4*b. Let z be (-2)/(-8) + (-19)/(-4). Suppose -3*h + 2*k = -63 - 3, k - 123 = -z*h. What is the greatest common factor of h and b?
8
Suppose 0 = 4*z - 2*z - 3*d - 13, 4*d = 3*z - 18. Let m = 0 - 0. Let k = 14 + m. What is the highest common factor of z and k?
2
Let c = 15 - 7. Let i(n) be the first derivative of 32*n**3/3 - n**2/2 + n + 1. Let q be i(1). Calculate the highest common factor of q and c.
8
Suppose 0 = -g + 2*s + 51 + 85, 0 = -5*g - 5*s + 650. Let r(z) = -3*z + 21. Let u be r(3). What is the greatest common divisor of u and g?
12
Let o(h) = -h**3 - h**2 + 68. Let i be o(0). Suppose -3*c + c = -34. What is the highest common factor of c and i?
17
Let o = 10 + -13. Let l(m) = -2*m**3 + 2*m**2 - 2*m - 6. Let z be l(o). What is the highest common factor of z and 24?
24
Suppose -11*z + 90 = -z. Let u = 0 - -3. Suppose 5*d - 62 = u*d - 2*y, 23 = d - y. What is the highest common divisor of d and z?
9
Let t = 3 + -1. Suppose t*r - 54 + 14 = 0. Calculate the greatest common divisor of 60 and r.
20
Let n = -149 + 229. What is the greatest common divisor of 10 and n?
10
Let u(h) = 4*h - h**3 + 4*h - 4 - 3 + 5*h**2. Let y be u(6). Suppose -4*i - 89 = -9*i + 3*f, y*i - 103 = -4*f. Calculate the highest common divisor of i and 38.
19
Let w be 0/((14 - 2)/(-3)). Suppose -6*t + 2*t + 220 = w. What is the highest common divisor of 5 and t?
5
Suppose 4*m - x = -6*x + 935, -x - 917 = -4*m. What is the greatest common factor of 23 and m?
23
Suppose -3*z + 64 = 5*p, 7*z + 3*p - 78 = 3*z. Calculate the highest common divisor of 6 and z.
6
Let b(l) = -28*l + 4. Let j be b(-1). What is the greatest common divisor of j and 80?
16
Let v(h) = -2 - 7 + 2 - h + h**3 + 0*h + 7*h**2. Let n be v(-6). Calculate the highest common factor of 7 and n.
7
Let d be (1 + 6)/(-21) - 64/(-3). Calculate the highest common factor of d and 189.
21
Let h = -5 + 10. Suppose 0 = 2*n - 3*n. Let q = 5 - n. Calculate the greatest common divisor of q and h.
5
Suppose 11 = -4*l + 35. Let s be 16 - (4 + 0 + -1). Let t = s - l. What is the highest common divisor of t and 14?
7
Let d = -5 + 11. Suppose -b - d = 3*g - 16, -23 = -4*b + 5*g. Let l be 5/((-20)/(-52)) + 1. What is the highest common factor of l and b?
7
Suppose -i + 1 + 1 = 0, -2*r = 3*i - 8. Let x = 4 - r. Suppose p = -x*s - 2*p + 15, 2*s - 10 = -5*p. Calculate the greatest common factor of 5 and s.
5
Let j = 13 - 3. Suppose 3*x - 282 = x. Let t = x - 51. What is the highest common factor of j and t?
10
Let v(p) = p + 3. Suppose 0 = -c + 2*c. Let w be v(c). Let f be 1/(2*(-1)/(-2)). What is the highest common factor of w and f?
1
Let d be 63 - ((-1)/1 + 0). Let j(s) = -s**2 + 3*s + 62. Let z be j(-6). What is the highest common divisor of z and d?
8
Let y be (5 - (4 - 1)) + -1. Calculate the highest common factor of y and 16.
1
Suppose 12*r = 7*r + 50. Calculate the highest common factor of r and 25.
5
Let j(u) = 7*u + 7. Let m be j(3). Let n(z) = 309*z**2 - 1. Let o be n(-1). Calculate the greatest common divisor of o and m.
28
Let r be 23 - (-3 + 0 - -2). Suppose -3*f - 3*j + 12 = -0*f, 5*f = -3*j + r. What is the highest common divisor of f and 48?
6
Let o(n) be the third derivative of 7*n**6/10 + n**4/24 + 5*n**2. Let h be o(1). Calculate the highest common divisor of 17 and h.
17
Let n = 127 - 69. Calculate the highest common factor of n and 87.
29
Let z be 28/(2 + -3) - 3. Let x = z + 47. Calculate the greatest common divisor of 80 and x.
16
Suppose 2*x = 4*n + 172, 2*x - 114 = -4*n + 82. Let a be 1*2*46/4. What is the highest common divisor of x and a?
23
Suppose -4*c = -60 + 8. Suppose -2*u + 192 = 2*n, -4*u + 4*n + 162 = -2*u. Calculate the highest common divisor of c and u.
13
Let z(t) = -t**3 + 9*t**2 + 14*t - 23. Let x be z(10). Calculate the greatest common factor of x and 187.
17
Let h be 2/(4*(-3)/(-24)). Calculate the highest common factor of 52 and h.
4
Let m(n) = 16*n - 1. Let g be m(1). Let r = 226 - 424. Let s = -78 - r. Calculate the greatest common factor of g and s.
15
Suppose 12 = 5*n - n. Let p = n - -1. What is the highest common divisor of 1 and p?
1
Suppose 2*l = 4*r + 142, -3*r + 5*l + 100 = -6*r. Let u = 135 + r. Calculate the greatest common divisor of u and 25.
25
Let l be (-1)/2 - 1/2. Let n be l + 29 + -3 + 5. What is the highest common factor of n and 15?
15
Let b be 7*2*(-5 - -7). What is the greatest common factor of 42 and b?
14
Suppose -3*y + 2*y = -11. Calculate the greatest common factor of y and 44.
11
Let a = 0 - -8. Let d be (-1 - -4)/(a/48). What is the highest common divisor of 18 and d?
18
Let f be (2 + -354)/(-4) + 2. Calculate the greatest common divisor of 36 and f.
18
Let f be 1/1 + 34 + 0. Suppose 5*i + 0*i + 5*z = 75, -2*i + 24 = -4*z. Calculate the greatest common divisor of i and f.
7
Let n be (1 + 9)*105/42. Calculate the greatest common factor of n and 125.
25
Suppose 2*u + 5 = x - 2*u, 2*u = 2. Suppose -5*b - 3 = 4*c + 5, c + 2*b = -5. Let j = x - c. Calculate the highest common divisor of j and 54.
6
Suppose 2*y + 2*n = 364, 0*y - 3*y = -2*n - 566. Calculate the greatest common factor of y and 31.
31
Let t(y) = -y**2 - 9. Let r be t(0). Let k = r - -12. What is the highest common factor of k and 24?
3
Suppose 4*i - i = 18. Calculate the greatest common divisor of 66 and i.
6
Let z = -24 - -28. Let h(n) = 5*n - 12. Let c be h(z). Calculate the highest common factor of 12 and c.
4
Suppose 2*z - 11 = -q + 3*z, -4*q + 3*z + 39 = 0. Suppose 2*c = -q, -2*c + 8 = 3*u - 4. What is the greatest common factor of u and 2?
2
Let i(g) = -g**3 + 8*g**2 - 4*g - 5. Let f be i(7). Let h = -11 + f. What is the highest common factor of h and 5?
5
Let t(l) = 2*l**3 + 1. Let k be t(1). Let d be -1 + -1 + 74*k. What is the greatest common factor of 20 and d?
20
Let i be 216/22 + 2/11. Suppose -2*w - i = 3*v, 5 + 6 = -5*w - 4*v. Let u be (w + (-38)/4)*-4. Calculate the highest common factor of 85 and u.
17
Let b = 2 - 30. Let g be -5*(8/(-5) - -2). Let x be 3/((-3)/b) - g. Calculate the highest common factor of 12 and x.
6
Let q(d) = 1 + 2 - 5 - 6 + 9*d. Let h be q(4). Calculate the highest common factor of 42 and h.
14
Let i(b) = -b**3 + 12*b**2 - 9*b - 14. Let w be i(11). Let q = -4 + w. What is the highest common divisor of 4 and q?
4
Let i be (-5804)/(-22) + (-2)/(-11). Calculate the highest common divisor of 24 and i.
24
Let y(d) = 2*d**2 - 3*d - 8. Let p be y(4). What is the highest common factor of p and 96?
12
Let m(z) = -6*z - 2. Let v be m(-2). Let k = -49 + 79. What is the highest common factor of v and k?
10
Let f = 34 + 4. Let n = -15 + 34. What is the highest common factor of f and n?
19
Suppose -5*i + 392 = 152. Calculate the greatest common divisor of 12 and i.
12
Let b = -13 + 16. Let o(z) = z**2 - 2*z. Let y be o(b). Calculate the greatest common factor of y and 2.
1
Let c(v) = 2*v**2 + 13*v + 7. Let q be c(-9). Let z = -14 - -27. What is the highest common factor of z and q?
13
Let m = -64 - -105. What is the greatest common factor of 82 and m?
41
Suppose -3*p + 18 = -3. Calculate the greatest common divisor of p and 28.
7
Suppose 0 = -2*d + 339 - 101. Let k be -2*1/(-2) + d. Let u = 39 + -24. What is the highest common factor of u and k?
15
Let p = 12 + 6. Suppose 0*x = 2*x - 54. What is the highest common divisor of p and x?
9
Let q(b) be the third derivative of b**4/6 - b**3 - 11*b**2. Let n be (-29)/(-4) + 2/(-8). Let z be q(n). Calculate the highest common factor of 33 and z.
11
Suppose 3*b - b = 0. Let k be -1*((b - 38) + -2). What is the greatest common divisor of 10 and k?
10
Let s = 10 - -38. Calculate the greatest common divisor of s and 6.
6
Suppose -2*b - 4*w = 32, -2*b + 0*w - 37 = 3*w. Let g = b - 4. Let x be (-18)/((-3)/g*-3). Calculate the highest common divisor of x and 15.
15
Let b(l) = 5*l**2 - 10*l + 2. Let c be b(7). Suppose 3*m - c = 21. What is the greatest common factor of 44 and m?
22
Let n(m) = -m**2 - 14*m - 12. Let a be n(-13). Suppose -d + 0*y + 14 = 4*y, 2*y = -2*d + 10. Let z be d - a*-1*19. What is the highest common factor of z and 7?
7
Let a(d) = -7*d - 1 + 11*d - 11*d. Let r be a(-2). What is